+ -6 - 2) - 3.
8
Calculate -8 - -14 - (13 + -3).
-4
Evaluate (1 - (5 + 0)) + 3.
-1
Evaluate (-124 - -136) + (-2 - (1 + 2)).
7
Evaluate 8 - (4 + (5 - 5)).
4
What is the value of -9 + 15 + (3 - 4) + -1?
4
(1 - 3) + (-4 + 12 - 5)
1
What is the value of (42 - 34) + 1 + -12?
-3
What is -14 + 17 + -13 - -4?
-6
-1 + 2 + -1 + 0 + 0
0
What is the value of -4 + (-7 - -3 - -9) - 1?
0
-5 + 11 + (-1 - 2)
3
Calculate -3 + 5 + -2 + -3 + -1.
-4
Calculate -6 - -4 - -2 - -2.
2
Evaluate 13 + (3 - -2 - 9 - 2).
7
What is (2 - (-1 - -5)) + 17 + -15?
0
Evaluate 6 - (-2 + (3 - 2) + 4).
3
Evaluate 3 + (-9 - (-1 + -5)).
0
What is the value of 2 - (4 - -7 - 5)?
-4
Calculate 1 + -1 - (8 - 7) - -5.
4
Evaluate -2 + 10 - (-1 + 8 + 1).
0
What is -5 + (4 - 6 - (-2 + -2))?
-3
Calculate -2 + 4 - (-5 + -1).
8
Evaluate 0 + 1 + -10 + 13 - 10.
-6
24 + -34 + 10 + 0
0
What is 2 - (4 - 7) - 9?
-4
Calculate 2 - (9 + -7) - -6 - -1.
7
Evaluate -2 - (-5 + (9 - 8)).
2
What is the value of 16 + -20 - (-2 - (3 - 1))?
0
What is (-5 - (0 + -3)) + 5?
3
4 - (2 + (-4 - -4))
2
Evaluate 0 + 3 + (-6 - (7 + -6)).
-4
What is -1 - 0 - (0 + -8) - 2?
5
Evaluate -9 - (1 + (-9 - -1)).
-2
Evaluate -4 + 4 - (-5 + 4).
1
Calculate 1 + 1 - -2 - 2.
2
Evaluate 4 + (-3 - 3 - -2) - -2.
2
(-3 + -2 + 1 - -4) + -1
-1
What is the value of (-1 - (-1 - (0 - 1))) + 4?
3
Calculate (-22 - -25 - (1 - -1)) + 4.
5
What is the value of 4 + -1 + 1 + (50 - 53)?
1
What is (32 - 32) + (-10 - (-4 - -1))?
-7
What is (-29 - -35) + 0 + -6?
0
Evaluate 0 + (-6 + 5 - -6).
5
What is (8 - 12) + (-1 + 0 - 0)?
-5
Calculate 2 - 4 - (-3 + 1 + -1).
1
Calculate -7 + 14 + -11 + 13.
9
What is 1 + -11 - (-3 - (5 + -3))?
-5
34 - 38 - (-4 + -2)
2
Evaluate 5 + (-2 - -6) - 9.
0
Calculate -1 + (6 - (4 - -3)).
-2
What is -3 - ((-5 - 5) + 4)?
3
6 + -17 - (-3 - (-6 + 9))
-5
Calculate 3 + 13 + (-15 - -7).
8
Calculate -1 - -1 - 0 - (743 + -747).
4
What is the value of -1 - (-1 + 0 - (-6 + 4))?
-2
Evaluate -4 + 0 + 10 + 0 - 13.
-7
Evaluate 1 - (4 - 3 - -1).
-1
Calculate (1 - -4) + (-11 - -6).
0
Calculate -6 + 4 + 1 + 2 - -4.
5
Calculate 3 - 6 - (-6 - (-5 - -8)).
6
Evaluate (168 - 160) + -11 + 1.
-2
Calculate 3 - 3 - -5 - (4 + -3).
4
What is 0 - (-1 + 2) - (-1 + -3)?
3
-4 - (-2 - (-1 + 2))
-1
Calculate (-11 - -12) + 1 + (0 - 3).
-1
What is (3 - (1 - (4 - 12))) + 3?
-3
What is 4 - (12 + (1 - 5)) - 1?
-5
What is the value of 55 + -61 - (-8 - 0)?
2
What is -1 - -2 - 6 - -11?
6
Calculate -1 - -2 - (-1 - -3) - -3.
2
Evaluate -6 - -7 - (2 - -1) - -1.
-1
Evaluate 0 + 2 - (8 - 9).
3
Calculate (3 - -4) + -1 + -12.
-6
Evaluate 0 + (-2 - (1 + -8)).
5
Calculate (59 - 57) + (2 - 6).
-2
(10 - 5) + -4 + 5 - -1
7
Calculate (1 - -1) + (81 - 80).
3
What is the value of 35 + -29 - (2 - 0)?
4
What is 8 + -4 + -2 + -2?
0
(-1 - (-4 + 4 - 1)) + -1
-1
What is -5 - 3 - -7 - 5 - 0?
-6
8 + -2 - (0 - (-2 + 1))
5
What is -27 + 24 + 1 + 8?
6
0 - ((5 - 3) + -4 + 6)
-4
What is 6 + (-2 + -9 - (6 + -5))?
-6
Evaluate -1 + 14 - 9 - 10.
-6
Calculate 7 - 2 - (2 + 2).
1
1 + (0 - (5 - (5 + 4)))
5
What is -18 + 14 - (-3 - -6)?
-7
(-89 - -76) + (1 + -3 - -6)
-9
-2 + 5 + -2 + -5 + -1
-5
Calculate 2 + 8 + -5 + 1 + 2.
8
Evaluate (5 + 8 + -7 - 7) + -1.
-2
(-5 + -10 - -8) + -1 + 4
-4
Evaluate -8 - (1 - 13 - -6).
-2
-11 - (-2 + -14) - (3 - 1)
3
Evaluate 3 + 3 + (-15 - -6 - -5).
2
3 + 4 + -7 - 3
-3
Evaluate (62 - 54) + (0 - (0 - -1)).
7
-1 + 4 + (41 - 42)
2
What is 29 + -22 - (5 + -1)?
3
What is 6 + -5 - (0 + -6 + 3)?
4
1 + -2 - (-22 + 26)
-5
Calculate 4 + 0 + 3 - (8 + -2).
1
Evaluate 6 + (-8 - 2) + 3.
-1
Evaluate (-1 - -11) + -17 - -2.
-5
Evaluate -5 + 6 + -5 - 2.
-6
Calculate (2 - (-2 - -1 - -3)) + -4.
-4
What is the value of 0 - (0 + -1) - -1?
2
Evaluate 2 + (5 - 3) - (-2 - -1).
5
Evaluate 1 + -2 + (-4 - 0 - -2).
-3
What is the value of 3 + (-2 - -3) - (77 + -71)?
-2
2 + (2 - (5 + 0))
-1
What is the value of 16 - 18 - (2 + -4 + 2)?
-2
What is 3 - 4 - (1 - 0 - -1)?
-3
What is the value of 6 - (1 - -2) - (2 + -8)?
9
Calculate (-4 - -12) + -7 - -1.
2
(3 - (5 + 0)) + 0 - -8
6
What is 6 - (4 - 8 - -10)?
0
(-6 - (3 + -3)) + (4 - 3)
-5
-2 + 3 + (-6 - -3)
-2
Evaluate 1 + -10 + -2 + 7 + -2.
-6
(1 - 1) + (-8 + 13 - 1)
4
Evaluate (-15 - (1 - 8)) + (-2 - -9).
-1
What is the value of -1 + (6 - (5 + 0))?
0
Calculate (-2 - -2) + -3 + -3 + 3.
-3
What is -4 + -3 + -2 + 3 + -1?
-7
What is 8 - ((13 - 11) + (3 - 3))?
6
What is (-4 - 6) + 3 + 6?
-1
What is the value of 1 + 1 + (4 + -2 - 3)?
1
What is 0 - (0 - (7 - 6))?
1
(2 - 3) + 26 + -30
-5
Calculate -5 + (-2 + 1 - -2 - 1).
-5
Evaluate 2 + -3 + 1 + (3 - 1).
2
What is (-4 + 7 - -1) + (-4 - -5)?
5
What is the value of -4 + (1 - (-10 - -5))?
2
What is the value of -3 - (1 + 2 + -1)?
-5
What is the value of 8 - (-2 - (-8 + (-2 - -1)))?
1
What is the value of -11 - (-1 + 9) - -9?
-10
Evaluate 3 + -2 - (-6 - -13).
-6
What is the value of -11 + (11 - (-16 - -11))?
5
Evaluate 22 + -14 - (-1 - -9).
0
What is 21 - 20 - (3 + 4 + -2)?
-4
Evaluate 2 + -2 + -5 + 7.
2
Calculate 4 + 5 + -7 - (-1 - -4).
-1
What is the value of -11 + 1 - (7 - (0 + 10))?
-7
Evaluate -23 + 20 - (-2 + 1 + -2).
0
Evaluate (-8 - -3 - -8) + 1.
4
-1 + -1 + (6 + -12 - -6)
-2
What is 2 - (0 + (-4 - -1)) - 5?
0
What is 0 - (2 + 1 + (-1 - -3))?
-5
0 + (-3 - -11) - (-3 - -6)
5
2 + 0 + 8 + -6 + -3
1
Calculate -7 + (-1 + 0 - 3) + 8.
-3
(6 - 2) + (-5 - -1)
0
Calculate 5 + (4 + -16 - -8).
1
What is -3 + (1 - 3 - -4)?
-1
Calculate (3 - -1) + (2 - 3) + -6.
-3
What is (5 - (1 - (0 + -2))) + 0?
2
What is the value of 3 + (-8 - 1) + 9?
3
What is the value of 21 - 13 - (1 - -4)?
3
What is -7 + (4 - 9) + 1 + 1?
-10
Evaluate (0 - -3) + (-2 - (-1 - 1)).
3
What is the value of -2 + -4 + 4 + 2?
0
What is the value of -4 + -1 + -2 - (-8 - -6)?
-5
What is 2 - -8 - (0 + -3 + 8)?
5
What is the value of -5 - -1 - (15 + -20)?
1
What is 95 - 99 - (-6 + 1)?
1
-6 + 14 + (2 - -2) + -6
6
Calculate (-1 - 12) + 16 + -3.
0
-1 - ((6 - 4) + -7)
4
What is (2 - (-5 + 6)) + -1?
0
What is 5 - 1 - (6 + 5)?
-7
Evaluate -4 + 13 + 2 + -9.
2
Evaluate -3 + 3 + -2 + -3 + 2.
-3
Calculate 0 + -8 + 14 + 1.
7
5 - (-4 + 5) - 7
-3
What is the value of -5 + 2 + (-10 - -10)?
-3
What is the value of (1 - 2) + (-9 - -11)?
1
Evaluate 0 - (3 - 4 - 3).
4
What is the value of (-1 - 0) + (31 - 31)?
-1
What is the value of -3 + (-3 - (-1 - 0)) + 4?
-1
6 - (-6 + -1 + 19)
-6
What is 2 + (-9 - (5 - 9)) + 1?
-2
5 - (0 + 1) - (-11 - -11)
4
What is -7 + (-1 - -8 - -1)?
1
Calculate -3 + (-5 - (1 + -4)) + 5.
0
What is the value of 1 - (-6 + 3 + (0 - 1))?
5
What is -7 - (2 + (-2 - 1) + -1)?
-5
What is (4 - (11 - 3)) + -1?
-5
Calculate 18 + -23 + (-1 - -3).
-3
-18 + 5 + 16 - 8
-5
Evaluate (1 - -7) + (-3 + 9 - 9).
5
Calculate 3 + 1 + -3 + 0 - 4.
-3
What is the value of 8 + 0 + -16 + 2?
-6
What is 8 + 1 - (20 + -16)?
5
Evaluate (1 - 0) + (-28 - -30) - 0.
3
(6 - (6 + -6) - -1) + -3
4
Evaluate -16 + -4 + 15 + -1 + 4.
-2
Evaluate -4 - (-9 + -2) - (0 - -2).
5
Evaluate -3 + (0 - -3) - (-2 + 2).
0
Evaluate (4 - -1) + (-8 - -13 - 16).
-6
What is -5 + (-8 + (7 - 2) - -3)?
-5
2 - ((2 - 5 - 4) + 4)
5
What is -5 + (-14 - -7) - (0 + -7)?
-5
Calculate -3 + (-2 - -2 - (-1 + 0)).
-2
What is 2 + 9 + -5 + -4?
2
What is the value of 48 + -29 - (4 + 10)?
5
What is the value of 4 - (3 + (12 - 9))?
-2
Evaluate -4 + (-2 + (-2 - -1) - -5).
-2
What is the value of -1 + (7 - 3) + -1?
2
-2 - (-3 + -1 + 3 + -2)
1
What is (6 - (-7 + 18)) + 8 - 8?
-5
7 - (5 + (-7 - -3))
6
What is (2 - 11 - (-21 - -16)) + -2?
-6
What is the value of 3 + 5 + (6 - 29) - -7?
-8
What is the value of (3 - -6) + 1 - 5?
5
What is (1 - -7) + (4 - 9)?
3
What is the value of 2 + -6 - (-9 + 10)?
-5
Evaluate 30 + -27 - (-3 - (-1 - -1)).
6
Calculate (0 - -15) + (-17 - -11).
9
What is the value of (51 - 54) + (-1 - 0) + -1?
-5
Evaluate 3 + 0 + -6 + 16 + -19.
-6
Evaluate 3 + 7 + (4 - -2) + -12.
4
What is 6 + 2 + -3 + -11?
-6
16 + (1 - 11) + 2
8
What is (-4 - (7 - 21)) + -5?
5
What is -1 - (-2 + (-4 - (-10 + 5)))?
0
-3 + (0 - ((-2 - -5) + -4))
-2
(-1 - -1) + -11 + (9 - -2)
0
Evaluate 4 - 11 - (-4 - 0).
-3
(-12 - -18) + -20 - -21
7
Evaluate 3 + (3 - 14) + (-3 - -6).
-5
4 + -6 - -6 - 5
-1
(-13 + -5 - -16) + -4 + 0
-6
Calculate 2 + 1 - 6 - (-32 + 23).
6
What is the value of 4 - (-6 - -11) - (12 - 6)?
-7
What is -4 + 5 + -3 - -3?
1
5 - (-4 - -3 - (-1